 is divided by 8.
7
Suppose -5*d + 3*d = -10. Suppose -d = -b + g - 3, -3*g - 2 = -2*b. Calculate the remainder when 5 is divided by b.
1
Let w be (13/65)/(1/(-5)). What is the remainder when 70 is divided by (w + 124/28)*7?
22
Let v(x) = -x**3 + 3*x + 3. Let t be v(-2). Suppose 0 = 5*u - t*f + f - 257, -4*u + 210 = -f. Calculate the remainder when u is divided by 14.
11
Let f(q) = q**2 - 10*q + 2. Let r be f(8). What is the remainder when 35 is divided by ((-24)/14)/2*r?
11
Let x(k) = -k**2 - 10*k - 11. Let q = -10 - -24. Let i = q + -6. What is the remainder when i is divided by x(-8)?
3
Let b(y) = y**2 - 7*y + 14. Calculate the remainder when 81 is divided by b(7).
11
Suppose -2*r - 3*r - 3*o = -351, -2*o = 2*r - 142. What is the remainder when r is divided by 14?
13
Suppose 0 = 4*d - 3*r - 17, 3*r - 24 = -9. Suppose -23 + 155 = 6*a. What is the remainder when a is divided by d?
6
Let z be (1 - 61)*(-3 + 2). Let x = 4 - 2. Suppose 5*y = -2*v + z, -48 = -2*y + 6*v - x*v. Calculate the remainder when y is divided by 5.
4
Let i(a) = a**3 + 4*a**2 - 7*a - 6. Let t be i(-5). Suppose -3 = -3*f + 3. What is the remainder when (3 - t) + 4 + -1 is divided by f?
0
Let m be -6*(-6)/(-9)*-1. Suppose m = -c + 7. Suppose 0 = -c*s + 10 + 23. Calculate the remainder when 31 is divided by s.
9
Let v(j) = 2*j**3 + 2*j**2 - 2*j + 3. What is the remainder when 66 is divided by v(2)?
20
Suppose 6*o + 96 = 630. Calculate the remainder when o is divided by 15.
14
Suppose 16 = 10*r - 114. Suppose 9*c = 4*c + 35. What is the remainder when r is divided by c?
6
Let n = 85 + -64. What is the remainder when 99 is divided by n?
15
Suppose 2*p = 5*k + 171, p = -3*k + 49 + 20. What is the remainder when (p - 2)*(-2)/(-4) is divided by 13?
12
Suppose 0 = -6*v + v - 3*q + 33, -32 = -4*v - q. Calculate the remainder when 16 is divided by v.
7
Suppose 13 = -5*p + 4*m, -p - 2*m - 9 = -6*m. Calculate the remainder when 3 is divided by -12 + 12 - 1/p.
0
Let u = -3 + 19. Calculate the remainder when u is divided by 1/4*(12 + 8).
1
Suppose -3*u + 12 = -2*u. Calculate the remainder when 34 is divided by u.
10
Suppose 3*x = -2*p - 3*p + 50, -p = -5*x + 18. Let d be -12*1*(-7)/(-2). Let t = -22 - d. Calculate the remainder when t is divided by p.
6
Let o = 8 + -6. Suppose -5*s + o*g = 110, 3*g - g = -3*s - 82. Calculate the remainder when 61 is divided by 14/(-4)*s/4.
19
Suppose -2*i - 5*d - 6 = 0, 2*i + 2*d - 8 = -2. What is the remainder when i is divided by 4?
3
Let w = -5 - -18. Let j = 45 + -20. What is the remainder when j is divided by w?
12
Let f be -2 - 21 - 1 - 1. Let j = -16 - f. Calculate the remainder when 16 is divided by j.
7
Let a(p) = -p**3 + 14*p**2 - 7*p**2 + 2*p + 7 - 7*p. What is the remainder when 24 is divided by a(6)?
11
Suppose -3*a - 24 = a. Calculate the remainder when 53 is divided by (-81)/a + 1/2.
11
Let m(v) = -v**2 - 7*v - 3. Let b(f) = -3*f**2 - 31*f - 18. Calculate the remainder when b(-9) is divided by m(-5).
4
Calculate the remainder when ((-80)/(-4))/((-3)/(-6)) is divided by 21.
19
Let v = 88 + -58. Suppose -4*z + v = 2*m, -2*z = 2*z + 8. Calculate the remainder when 55 is divided by m.
17
Let p = -21 + 37. Calculate the remainder when p is divided by 9.
7
Suppose -3*z + 9 = 0, 4*z - 59 = -2*r + z. Suppose -3*u + 5 = -j, -5*u + 10 + r = 5*j. What is the remainder when 11 is divided by j?
3
Calculate the remainder when 79 is divided by 7/((-7)/(-26)) - -2.
23
Suppose -5*l + 48 = -32. Suppose l*h - 15*h - 25 = 0. Calculate the remainder when h is divided by (-2)/4*13*-2.
12
Suppose 0 = 2*q - 5*b - 47, 0*b + 46 = q + 2*b. Let t = -24 + q. What is the remainder when t is divided by (-1 + 1)/1 + 7?
5
Suppose -5*o - 35 = 15. Let w = 42 - 65. Let y = o - w. Calculate the remainder when y is divided by 4.
1
Let p = 2 - 4. Let m(l) = -15*l - 2. Calculate the remainder when m(-1) is divided by p/(-7) + 47/7.
6
Calculate the remainder when 77 is divided by 4 + 216/(-52) - 420/(-26).
13
Let o(q) = -2*q**3 + 5*q + 5. Calculate the remainder when o(-2) is divided by 9.
2
Let h = -19 - -65. Calculate the remainder when h is divided by 16.
14
Suppose 2*m - 61 = 23. Calculate the remainder when m is divided by 15.
12
Suppose 5*c + 4*d = 68, 4*c - 42 = -2*d + 10. Let a = 5 + c. What is the remainder when 49 is divided by a?
15
Suppose 0*b - 2*b = -70. Let t = 2 + b. Let j = -6 + t. What is the remainder when j is divided by 16?
15
Let q = 11 + -1. Calculate the remainder when 37 is divided by q.
7
Let k = 652 + -327. Suppose 3*u - 245 = k. Suppose 4*p - u = -38. Calculate the remainder when p is divided by 13.
12
What is the remainder when ((2 + -4)/(-2))/(8/2256) is divided by 15?
12
Let j(i) = 4*i + 41. Calculate the remainder when j(0) is divided by 11.
8
Let t(n) = 4*n + 4. Let q = 10 - 14. Let j be ((-2)/(q/(-18)))/(-1). What is the remainder when t(j) is divided by 14?
12
Suppose s = -5*b + 19, 2*b + 26 + 14 = 3*s. What is the remainder when (24/s)/(18/189) is divided by 10?
8
Let s(c) = -c - 4. What is the remainder when 17 is divided by s(-10)?
5
Suppose 5*x - l = 10, x - 26 = -4*l - 3. Let c be (-3 + 7)*8/2. What is the remainder when 30 is divided by -6*(c/x)/(-2)?
14
Let p = 70 - 58. Calculate the remainder when 45 is divided by p.
9
Suppose 5*q - 10 - 4 = 2*z, -4*z = q + 6. Calculate the remainder when 4 is divided by q.
0
Let y be 0/(-1) - 0 - -4. Suppose m + 35 = y*v, 0 = 2*v + 3*m - 8 + 1. Calculate the remainder when 15 is divided by v.
7
Suppose 0*l = -2*l + 28. Suppose 0 = 5*u - 8*u + 120. What is the remainder when u is divided by l?
12
Let m(q) = 7*q**2 + q + 1. Let k be -4 - 1/(-2)*2. Calculate the remainder when m(k) is divided by 21.
19
Let d(z) = z**3 - 2*z**2 - 5*z + 9. Calculate the remainder when 97 is divided by d(4).
13
Let l(w) = w**3 - 12*w**2 + 13*w - 15. What is the remainder when 20 is divided by l(11)?
6
Suppose 3 = q - 9*z + 4*z, -4*q = 4*z - 12. Suppose -q*m = c - 102, 5*m = -2*c + 220 - 49. What is the remainder when m is divided by 18?
15
Suppose 3*h - y - 8 = 0, 4*y = 5*h - 0 - 4. Calculate the remainder when 14 is divided by h.
2
Suppose 5*w + 5 = 0, -37 = -3*d - 0*d - 2*w. Let j = 20 - 15. Suppose 4*m = -5*x + 41, 7 + j = 3*m. Calculate the remainder when d is divided by x.
3
Let f(p) = 12*p + 2. Let i(v) = v**2 - 7*v - 7. Let l be i(8). Calculate the remainder when f(l) is divided by 9.
5
What is the remainder when 3 + (2 + -4)*-25 is divided by (1 - 6/3) + 19?
17
Suppose 13 = -4*c + 5. Let k = -2 - c. Suppose 5*t - 6 - 14 = k. Calculate the remainder when t is divided by 3.
1
Let f = -4 + 91. What is the remainder when f is divided by 46?
41
Let y be 2/(-6) - (-14)/6. Let t(s) = 0*s + 3*s + 2 - 2*s**y - 1 - 4*s**3 + 3*s**2. What is the remainder when t(-2) is divided by 16?
15
Suppose 6*l - 9 = 15. Let p = -8 - -10. Calculate the remainder when l is divided by p.
0
Suppose -3*t = -53 + 14. Suppose -2*v + 70 = 5*l + 3*v, -l + 3*v + 14 = 0. Suppose -5*w + 39 = l. What is the remainder when t is divided by w?
3
Let z = -20 + 25. Let a = -1 + 0. What is the remainder when 13 + a + (-8)/(-4) is divided by z?
4
Let u = -87 - -129. Let m = 60 - u. Suppose 3*p - 48 = p + 5*t, 4*p = 5*t + 116. What is the remainder when p is divided by m?
16
Suppose -2 + 1 = -f. Let n = f + 8. Calculate the remainder when 16 is divided by n.
7
Suppose 15*c - 71 = 34. Calculate the remainder when 22 is divided by c.
1
Suppose 3*i = 5*i - 6. Calculate the remainder when i is divided by 2.
1
Let i(n) = n**3 + 4*n**2 - n. Let t be i(-4). Suppose 2*m - 3 = -t*r + 5, 5*r - 35 = -5*m. What is the remainder when 28 is divided by m?
8
Suppose 4*y - 10 = 154. What is the remainder when y is divided by 14?
13
Let c = 30 - 1. Calculate the remainder when c is divided by 15.
14
Let h = 165 - 159. Calculate the remainder when 10 is divided by h.
4
Let h(u) = 46*u - 6. Calculate the remainder when h(4) is divided by 36.
34
Let k be 0*((-1 - 0) + 2). Suppose 3*n = n + 10, -o - n = k. Calculate the remainder when (-189)/(-15) - 2/o is divided by 7.
6
Suppose 5*c = -b + 28, 3*b - c + 44 = 8*b. What is the remainder when 13 is divided by b?
5
Suppose 5*x = -2*x + 203. What is the remainder when 86 is divided by x?
28
Let p be 16*((-11)/(-4) + -2). Suppose 0 =